*2 - 3*u**2 - 62 - 2*u + u + 60. Give v(h).
-4
Let b(q) = -7*q**2 - 12*q + 1. Let w = -15 + 20. Let i(o) = -3*o**2 - 6*o. Let r(h) = w*i(h) - 2*b(h). What is r(-6)?
-2
Let z(o) = 7*o**3 + 2*o**2 + 2*o + 1. Suppose -5*u + 3 = 8. Determine z(u).
-6
Suppose -2 = -y + 3*g - 0*g, 0 = 3*y - 5*g + 2. Let u be (32/(-40))/(y/10). Let k(v) = v - 2 + 0 - u*v. Determine k(2).
-4
Suppose -2*s = 5*p + 22 + 2, 5*s = 2*p - 2. Let d(z) = 5*z**2 + 8*z + 3. Let y(b) = b**2 + b + 1. Let c(g) = -d(g) + 4*y(g). What is c(s)?
5
Suppose -2 = -3*x + 10. Let h(c) be the third derivative of -2*c**2 + 0 - 1/15*c**5 + 0*c + 1/120*c**6 - 5/6*c**3 + 1/12*c**4. What is h(x)?
3
Let g(c) = -c**3 + 7*c**2 - 5*c - 8. Let r = -8 - -14. Give g(r).
-2
Let j(z) be the third derivative of 0*z - 1/3*z**3 + 5*z**2 + 1/12*z**4 + 0 + 1/30*z**5. Let d(c) = -c**3 + 7*c**2 - 6*c - 2. Let h be d(6). Give j(h).
2
Let h(y) = y**2 + 1. Let i(n) = 4*n**2 + 9. Let p(w) = -5*h(w) + i(w). Suppose -9 - 11 = -5*j. Suppose 0 = m + 1 - j. Give p(m).
-5
Let m(h) = -h**3 - 8*h**2 - 2*h. Let f be m(-8). Suppose 2*z + g = -f, -2*g + 4*g - 3 = z. Let c(o) = -o - 8. Calculate c(z).
-1
Let z be -1 + (-1 - (-1 + -1)). Let g(w) be the third derivative of 0*w - 1/120*w**6 + w**2 - 1/6*w**3 + 1/8*w**4 + z - 1/30*w**5. Calculate g(-3).
-1
Suppose 5*w + 4 + 1 = -2*p, -3*w - 3*p - 12 = 0. Let i(v) = 3*v - 1. Determine i(w).
2
Let s(b) = -b**3 - 9*b**2 - 3*b + 11. Let i(m) = m**3 + 8*m**2 + 2*m - 10. Let p(u) = -5*i(u) - 4*s(u). Determine p(-4).
-2
Let m(s) = -11*s**2 + 7*s - 14. Let r(i) = -5*i**2 + 3*i - 7. Let k(d) = 4*m(d) - 9*r(d). Determine k(0).
7
Let i be 9/3*2 - 2. Let m(w) = w**3 - 4*w**2 - w - 1. What is m(i)?
-5
Let w(l) = 3*l. Let y(c) = -4*c + 1. Suppose -3*o = 2*o + 30. Let g(q) = o*w(q) - 5*y(q). Let x(d) = -d - 5. Let i be x(-10). Give g(i).
5
Suppose 5*b + 2 - 17 = 0. Let g(f) = 2*f**2 - 3*f - 4. Calculate g(b).
5
Let t(v) = 6*v + 1. Suppose -3*w = 3*u - 15, 3*w + 0*w + 4*u - 15 = 0. Let y be ((-16)/(-10) - 2)*w. Determine t(y).
-11
Suppose 2*f + 3*f - 5 = 0. Let u(a) be the first derivative of -a**2 + 1. Give u(f).
-2
Let a(j) be the first derivative of 4*j + 5*j**2 + 0*j**2 - 4*j**2 + 1. Suppose -k - 10 = -u, -k + 0*u = u. Determine a(k).
-6
Let w(a) be the second derivative of -a**5/2 + a**4/12 - 20*a. Calculate w(1).
-9
Let p(k) = -5*k**2 - 15*k. Let m(h) = h**2 + h - 1. Let v(s) = -6*m(s) - p(s). Let n be v(10). Let y(u) = -u - 1 - u**3 - 5*u - 5*u**2 + u. Determine y(n).
3
Let v = 75 - 43. Suppose 5*q - 35 = 4*u, 11 = -3*q + 2*u + v. Let z(w) = -2*w**3 - q + w**3 + 5. What is z(-2)?
6
Let x(o) = -2*o + 1. Suppose -5*z = 5*n, -4 = 3*n + 2*z - 2. Determine x(n).
5
Let k be (-24)/10 + (-36)/(-90). Let d(y) = -2*y**3 - 2*y**2 - 1. Give d(k).
7
Let n(d) = -d**3 - 7*d**2 - 6*d - 8. Let k(u) = -3*u + 2. Let c be k(-5). Let b = -11 + c. Let q be 57/(-9) - (-2)/b. Determine n(q).
-8
Let q(s) = 647 - 326 - 314 - s**2 - 8*s. What is q(-8)?
7
Let p(r) = 3*r**3. Let c be p(1). Let b(k) be the first derivative of -5*k - 2 + 1/2*k**2. What is b(c)?
-2
Let s(o) = -o + 4. Suppose 2*h - 25 + 5 = 0. Let p = -4 + h. Give s(p).
-2
Let n(t) = -t - 7. Let x be n(-10). Let j(l) be the second derivative of 1/6*l**3 + 1/4*l**4 - 1/20*l**5 + 0 + 0*l**2 + l. Determine j(x).
3
Let u(d) be the second derivative of d**3/6 - 3*d**2 + 5*d. Determine u(6).
0
Let k(d) be the third derivative of 0 - 7*d**2 + 5/24*d**4 + 7/60*d**5 + 0*d - 2/3*d**3 + 1/120*d**6. What is k(-6)?
2
Let f(y) = 2 + 4*y + 3*y - 9*y. What is f(-4)?
10
Let b(d) = 7*d**2 - 23*d + 1. Let a(i) = -3*i**2 + 11*i. Let r(k) = 9*a(k) + 4*b(k). What is r(-6)?
-2
Let l(s) = s**3 + 9*s**2 + 8*s + 4. Suppose 0 = 2*c - 0*v + 3*v + 28, -3*v + 28 = -5*c. Give l(c).
4
Let u(g) = 13*g + 13*g - 1 - 27*g. Let a be 1*(-6)/5*-5. What is u(a)?
-7
Let s(l) = l**3 + 8*l**2 + 2. Let n(r) = r**3 + 9*r**2 + 2. Let g(m) = 5*n(m) - 6*s(m). Determine g(-3).
-2
Let t(m) = m**3 + 2*m**2 - m. Let y(o) = -o**3 + o**2 + 2. Let n be y(0). What is t(n)?
14
Let v(k) = k**2 - 1. Let t be v(-2). Let u(p) be the second derivative of -p**5/20 + p**4/4 + p**3/3 - p**2 - 6*p. Give u(t).
4
Let g(b) = 4*b**2 - 9*b - 7. Let s(o) = -7*o**2 + 17*o + 13. Let l(u) = -5*g(u) - 3*s(u). Calculate l(7).
3
Let q(i) = -i**2 - 5*i + 3. Let p be -30*(1 - (-16)/12). Let d be ((-8)/10)/((-14)/p). Calculate q(d).
7
Let b(f) be the second derivative of -f**4/12 - f**3 - 3*f**2/2 + 6*f. Give b(-6).
-3
Let v(a) = 13*a**2 - 3*a + 15. Let j(h) = 37*h**2 - 10*h + 44. Let w(r) = -6*j(r) + 17*v(r). Calculate w(8).
-1
Let n(u) = u**2 + u - 1. Let q be 4/(-8) + 26/(-4). Let k(g) = g + 12. Let d be k(q). Suppose d*i + 24 = i - 4*t, 22 = -3*i - 4*t. What is n(i)?
1
Let s = 1 - -3. Suppose 4*n - 6 = 2*i, -2*n + 3*n = -s*i - 12. Let w(c) = c**3 + 4*c**2 + 2*c - 3. Give w(i).
0
Let q(o) = -6*o + 3*o - o**2 - 8 + 7. Give q(-5).
-11
Let l(x) = 3*x**3 - 26*x**2 - 7*x - 11. Let t be l(9). Let d(w) = -w**3 + 6*w**2 + 6*w + 1. Calculate d(t).
-6
Let x(f) = -3*f**2 - f. Let r = 123 + -124. Calculate x(r).
-2
Suppose 4*h + 9 + 3 = 0. Let a(u) = u + 4. Determine a(h).
1
Let k(p) = -p**2 - 15*p - 10. Let b be k(-14). Let l(n) = -3 - 2 + 1 - n. Calculate l(b).
-8
Let i(y) = -y - 1. Let s be i(-8). Suppose s*l - v - 11 = 4*l, 4*l + 17 = -5*v. Let d(p) = 2 + 3*p - 3*p + l*p**3 + p**2 - p. Give d(-2).
-8
Let w(t) = t**3 - 7*t**2 + 5*t + 6. Let b be w(6). Suppose b = -2*v - v - 12, 0 = -3*z - 2*v - 14. Let c(d) = 5*d + 3*d**2 - 6*d - 4*d**2. Give c(z).
-2
Let c(t) = t**2 - 4. Let i be 1 + 0/3 - -6. Let g = i + -8. Let v = g + 1. Give c(v).
-4
Let l(p) = 2*p + 4. Let u = -13 + 26. Suppose 2 + u = 5*r. Suppose -2*x - r*x - 20 = 0. Determine l(x).
-4
Suppose 3*f - 5*t = 46, 4*f + 0*f - 52 = 2*t. Let j be f/(-30) + (-44)/(-10). Suppose -2*q + j = -0*q. Let n(h) = h**3 - 2*h**2 - h + 1. Determine n(q).
-1
Suppose -n - 5*o + 22 = 0, -3*o - 2 + 17 = 0. Let l = n + 6. Let h(g) = -3*g - 5 - g**3 + g**2 + 2 + 3*g**2. Give h(l).
-3
Suppose 5*h + 15 = 60. Let b(q) = q - 8. Give b(h).
1
Let t(w) = -9*w**2 + 19*w + 3. Let x(n) be the second derivative of -5*n**4/12 + 5*n**3/3 + n**2 - 5*n. Let r(c) = 6*t(c) - 11*x(c). Give r(-4).
-4
Let k(d) be the third derivative of -d**6/720 + d**5/15 + 5*d**4/24 - d**2. Let t(w) be the second derivative of k(w). What is t(6)?
2
Let z(p) = p**2 - 8*p + 3. Suppose 0 = -3*h - 5*w + 3, 2*h - 12 = 4*w + 12. Determine z(h).
-9
Let d(o) = -9*o**3 + o**2 + 2*o - 3. Let p(u) = -u**3 + u**2 - 1. Let w be 2/(-3)*(-3)/(-2). Let k = 8 - 6. Let q(t) = k*p(t) + w*d(t). Calculate q(1).
7
Let v(x) = -4 + 109*x**2 + 2 - 3*x - 108*x**2 - 1. What is v(4)?
1
Let a = 6 + -2. Let l = 0 - -2. Let y(c) = -3*c - l*c + 5 + 3*c + c. Give y(a).
1
Suppose 3*l - 2 = -5*i, i - 3*l = 5 - 1. Let k be i - -1 - (2 - 3). Let b(c) = -c**3 + 4*c**2 - 2*c - 2. Determine b(k).
1
Suppose 66 = 3*r - 6*r. Let o(u) = 15*u + 3. Let i(f) = 4*f + 1. Let j(c) = r*i(c) + 6*o(c). Give j(3).
2
Suppose 0 = 3*k + 3*k - 18. Let v(g) = -g - 3. What is v(k)?
-6
Let n(k) = 2*k - 6. Let b(i) = i - 3. Let r(q) = -5*b(q) + 3*n(q). Give r(3).
0
Let c(p) = 7 - 3*p + 4*p**3 + 13*p**3 - 4*p**2 - 16*p**3. What is c(5)?
17
Let m be (2/(-3))/(10/45). Let z(o) = -2*o - 3. What is z(m)?
3
Let u(z) = -45*z + 24. Let q(j) = -9*j + 5. Let n(y) = -24*q(y) + 5*u(y). Give n(1).
-9
Let z(m) = m**2 + 8*m + 6. Let t be (-30)/9 - (-2)/6. Let a be (-32)/5 + t/5. Determine z(a).
-1
Let h(b) = -2*b + 1. Let f be (-7)/(-2)*(-8)/(-14). Determine h(f).
-3
Let a(v) be the third derivative of -v**5/120 - v**4/4 - v**3/3 + 4*v**2. Let o(l) be the first derivative of a(l). Determine o(-6).
0
Suppose -5*t - 5*n + 12 = 2, 2*t + 3*n = 1. Let s(r) = -r**3 + 5*r**2 + 2*r - 6. Determine s(t).
4
Let b(h) = -h**2 + 1. Let s(p) = -2*p + 2. Let q be s(1). Give b(q).
1
Let k be 12/(-8)*(-8)/3. Let m = k - 9. Let z(i) = -20 - i + 2*i + 21. Give z(m).
-4
Suppose -26*q = -24*q. Let u(x) be the second derivative of 1/12*x**4 + 1/3*x**3 + q + 3*x + 1/2*x**2 - 3/10*x**5. What is u(-1)?
6
Let r(y) be the second derivative of -y**3/3 - 7*y**2/2 + 6*y. What is r(-5)?
3
Suppose 5 = 14*p - 15*p. Let z(w) = -w**3 - 6*w**2 - 2*w + 5. Give z(p).
-10
Let n(g) be the first derivative of -g**2/2 - 8*g - 2. Give n(-9).
1
Let b(r) be 